{"id":3140,"date":"2024-11-07T15:09:59","date_gmt":"2024-11-07T13:09:59","guid":{"rendered":"https:\/\/www.waldcamp.at\/wordpress\/?page_id=3140"},"modified":"2026-02-14T19:20:47","modified_gmt":"2026-02-14T17:20:47","slug":"waldwerkstatt-2025","status":"publish","type":"page","link":"https:\/\/www.waldcamp.at\/wordpress\/index.php\/kursangebot\/waldwerkstatt-2025\/","title":{"rendered":"waldWerkstatt"},"content":{"rendered":"\n<blockquote class=\"wp-block-quote is-style-default is-layout-flow wp-block-quote-is-layout-flow\">\n<p>In unserer waldWerkstatt wird gebastelt, gebaut und sich handwerklich bet\u00e4tigt!<\/p>\n<\/blockquote>\n\n\n\n<h2 class=\"wp-block-heading\">Kursinhalt<\/h2>\n\n\n\n<p>Gemeinsam machen wir uns auf in den Wald und erkunden, lernen und haben vorallem viel Spa\u00df in der Natur. Wenn wir gerade nicht gemeinsam in der Gatschk\u00fcche anzutreffen sind, dann spielen, basteln oder bauen wir gemeinsam.<\/p>\n\n\n\n<p>Bei jedem unserer Treffen machen wir gemeinsam Feuer und grillen eure mitgebrachten Speisen. Dadurch wird der gefahrenlose Umgang mit dem Feuer erlernt, regelm\u00e4\u00dfig ge\u00fcbt und die Techniken verbessert.<\/p>\n\n\n\n<p>Wir treffen uns bei jedem Wetter, es ist uns ein Anliegen, dass Kinder alle Facetten der Natur (eben auch das \u201eSchlechtwetter\u201c) kennenlernen und aus ihren dadurch gewonnenen Erfahrungen lernen.<\/p>\n\n\n\n<figure class=\"wp-block-gallery aligncenter has-nested-images columns-5 wp-block-gallery-1 is-layout-flex wp-block-gallery-is-layout-flex\">\n<figure class=\"wp-block-image size-large\"><a href=\"https:\/\/www.waldcamp.at\/wordpress\/wp-content\/uploads\/2017\/10\/IMG_9551.jpg\"><img loading=\"lazy\" decoding=\"async\" width=\"399\" height=\"400\" data-id=\"227\" src=\"https:\/\/www.waldcamp.at\/wordpress\/wp-content\/uploads\/2017\/10\/IMG_9551.jpg\" alt=\"\" class=\"wp-image-227\" srcset=\"https:\/\/www.waldcamp.at\/wordpress\/wp-content\/uploads\/2017\/10\/IMG_9551.jpg 399w, https:\/\/www.waldcamp.at\/wordpress\/wp-content\/uploads\/2017\/10\/IMG_9551-150x150.jpg 150w, https:\/\/www.waldcamp.at\/wordpress\/wp-content\/uploads\/2017\/10\/IMG_9551-300x300.jpg 300w, https:\/\/www.waldcamp.at\/wordpress\/wp-content\/uploads\/2017\/10\/IMG_9551-100x100.jpg 100w\" sizes=\"auto, (max-width: 399px) 100vw, 399px\" \/><\/a><\/figure>\n\n\n\n<figure class=\"wp-block-image size-large\"><a href=\"https:\/\/www.waldcamp.at\/wordpress\/wp-content\/uploads\/2024\/11\/signal-2024-11-27-114315.jpeg\"><img loading=\"lazy\" decoding=\"async\" width=\"800\" height=\"800\" data-id=\"3287\" src=\"https:\/\/www.waldcamp.at\/wordpress\/wp-content\/uploads\/2024\/11\/signal-2024-11-27-114315.jpeg\" alt=\"\" class=\"wp-image-3287\" srcset=\"https:\/\/www.waldcamp.at\/wordpress\/wp-content\/uploads\/2024\/11\/signal-2024-11-27-114315.jpeg 800w, https:\/\/www.waldcamp.at\/wordpress\/wp-content\/uploads\/2024\/11\/signal-2024-11-27-114315-300x300.jpeg 300w, https:\/\/www.waldcamp.at\/wordpress\/wp-content\/uploads\/2024\/11\/signal-2024-11-27-114315-150x150.jpeg 150w, https:\/\/www.waldcamp.at\/wordpress\/wp-content\/uploads\/2024\/11\/signal-2024-11-27-114315-768x768.jpeg 768w, https:\/\/www.waldcamp.at\/wordpress\/wp-content\/uploads\/2024\/11\/signal-2024-11-27-114315-100x100.jpeg 100w\" sizes=\"auto, (max-width: 767px) 89vw, (max-width: 1000px) 54vw, (max-width: 1071px) 543px, 580px\" \/><\/a><\/figure>\n\n\n\n<figure class=\"wp-block-image size-large\"><a href=\"https:\/\/www.waldcamp.at\/wordpress\/wp-content\/uploads\/2017\/10\/IMG_9604.jpg\"><img loading=\"lazy\" decoding=\"async\" width=\"400\" height=\"400\" data-id=\"229\" src=\"https:\/\/www.waldcamp.at\/wordpress\/wp-content\/uploads\/2017\/10\/IMG_9604.jpg\" alt=\"\" class=\"wp-image-229\" srcset=\"https:\/\/www.waldcamp.at\/wordpress\/wp-content\/uploads\/2017\/10\/IMG_9604.jpg 400w, https:\/\/www.waldcamp.at\/wordpress\/wp-content\/uploads\/2017\/10\/IMG_9604-150x150.jpg 150w, https:\/\/www.waldcamp.at\/wordpress\/wp-content\/uploads\/2017\/10\/IMG_9604-300x300.jpg 300w, https:\/\/www.waldcamp.at\/wordpress\/wp-content\/uploads\/2017\/10\/IMG_9604-100x100.jpg 100w\" sizes=\"auto, (max-width: 400px) 100vw, 400px\" \/><\/a><\/figure>\n<\/figure>\n\n\n\n<h2 class=\"wp-block-heading\">Kursablauf<\/h2>\n\n\n\n<p>Wir gliedern das Schuljahr in Herbst- (September bis Dezember) und Fr\u00fchlingssemster (Februar bis Juni). Es werden Termine Samstag vormittags angeboten.<\/p>\n\n\n\n<p>Nach dem Kauf eines Blockes je TeilnehmerIn, wird der Zugang f\u00fcr die Terminanmeldung des laufenden Semesters zu gesendet. Dabei k\u00f6nnen frei die passenden Termine ausgew\u00e4hlt werden. Jede Kombination aus Vormittag und Nachmittag ist m\u00f6glich, da jeder Termin einzeln gebucht wird.<\/p>\n\n\n\n<p>Ein gebuchter Termin, welcher nicht wahrgenommen werden kann, bitten wir bis 48 Stunden im Vorhinein telefonisch abzusagen. Ein bereits gebuchter Termin, welcher nicht abgesagt oder wahrgenommen wird, wird in gesamter H\u00f6he verrechnet.<\/p>\n\n\n\n<p>Ein erworbener Block ist TeilnehmerInbezogen und hat eine G\u00fcltigkeit von einem Jahr ab Kaufdatum. <\/p>\n\n\n\n<h2 class=\"wp-block-heading\">TeilnehmerInnenalter<\/h2>\n\n\n\n<p>ab dem Eintritt in die 1. Klasse Volksschule bzw. ab 6 Jahren <\/p>\n\n\n\n<h2 class=\"wp-block-heading\">TeilnehmerInnenanzahl<\/h2>\n\n\n\n<p>mindestens 8 Kinder<br>maximal 16 Kinder<\/p>\n\n\n\n<h2 class=\"wp-block-heading\">Ausr\u00fcstung<\/h2>\n\n\n\n<ul class=\"wp-block-list\">\n<li>Tagesrucksack<\/li>\n\n\n\n<li>Trinkflasche mit Wasser<\/li>\n\n\n\n<li>Jause f\u00fcr den Wald<\/li>\n\n\n\n<li>Grillgut (W\u00fcrstel, Stockbrot, Schokobananen etc. keine Marshmallows)<\/li>\n\n\n\n<li>Holzbrett, L\u00f6ffel (f\u00fcr die Schokobanane)<\/li>\n\n\n\n<li>gutes Schuhwerk f\u00fcr den Wald<\/li>\n\n\n\n<li>wetterbedingte und der Jahreszeit entsprechende Kleidung und Ausstattung, die schmutzig werden darf<\/li>\n<\/ul>\n\n\n\n<h2 class=\"wp-block-heading\">Kurskosten<\/h2>\n\n\n\n<div class=\"wp-block-columns is-not-stacked-on-mobile is-layout-flex wp-container-core-columns-is-layout-9d6595d7 wp-block-columns-is-layout-flex\">\n<div class=\"wp-block-column has-medium-font-size is-layout-flow wp-block-column-is-layout-flow\" style=\"flex-basis:66.66%\">\n<p class=\"has-small-font-size\">5er Block<\/p>\n\n\n\n<p class=\"has-small-font-size\">10er Block<\/p>\n\n\n\n<p class=\"has-small-font-size\">Schnupperstunde <\/p>\n<\/div>\n\n\n\n<div class=\"wp-block-column has-medium-font-size is-layout-flow wp-block-column-is-layout-flow\" style=\"flex-basis:33.33%\">\n<p class=\"has-small-font-size\">\u20ac 100,00<\/p>\n\n\n\n<p class=\"has-small-font-size\">\u20ac 200,00<\/p>\n\n\n\n<p class=\"has-small-font-size\">\u20ac 20,00<\/p>\n<\/div>\n<\/div>\n\n\n\n<p>Eine Schnupperstunde ist einmalig f\u00fcr Neukunden jederzeit m\u00f6glich, daf\u00fcr bitten wir um eine telefonische Voranmeldung.<\/p>\n\n\n\n<p><em>Eine Teilnahme soll nicht an den finanziellen M\u00f6glichkeiten scheitern.<\/em><br><em>Auf Anfrage ist ein Sozialtarif m\u00f6glich<\/em>.<\/p>\n\n\n\n<h2 class=\"wp-block-heading\">waldWerkstatt Block <\/h2>\n\n\n\n\n<!-- iframe plugin v.6.0 wordpress.org\/plugins\/iframe\/ -->\n<iframe loading=\"lazy\" src=\"https:\/\/www.waldcamp.at\/buchung\/?type=Werkstatt\" width=\"100%\" height=\"850\" scrolling=\"yes\" class=\"iframe-class\" frameborder=\"0\"><\/iframe>\n\n\n\n\n<p><\/p>\n\n\n\n<p><br><\/p>\n\n\n\n<p><br><\/p>\n","protected":false},"excerpt":{"rendered":"<p>In unserer waldWerkstatt wird gebastelt, gebaut und sich handwerklich bet\u00e4tigt! Kursinhalt Gemeinsam machen wir uns auf in den Wald und erkunden, lernen und haben vorallem viel Spa\u00df in der Natur. Wenn wir gerade nicht gemeinsam in der Gatschk\u00fcche anzutreffen sind, dann spielen, basteln oder bauen wir gemeinsam. Bei jedem unserer Treffen machen wir gemeinsam Feuer &hellip; <\/p>\n<p class=\"link-more\"><a href=\"https:\/\/www.waldcamp.at\/wordpress\/index.php\/kursangebot\/waldwerkstatt-2025\/\" class=\"more-link\"><span class=\"screen-reader-text\">\u201ewaldWerkstatt\u201c <\/span>weiterlesen<\/a><\/p>\n","protected":false},"author":2,"featured_media":1981,"parent":1924,"menu_order":0,"comment_status":"closed","ping_status":"closed","template":"","meta":{"footnotes":""},"class_list":["post-3140","page","type-page","status-publish","has-post-thumbnail","hentry"],"_links":{"self":[{"href":"https:\/\/www.waldcamp.at\/wordpress\/index.php\/wp-json\/wp\/v2\/pages\/3140","targetHints":{"allow":["GET"]}}],"collection":[{"href":"https:\/\/www.waldcamp.at\/wordpress\/index.php\/wp-json\/wp\/v2\/pages"}],"about":[{"href":"https:\/\/www.waldcamp.at\/wordpress\/index.php\/wp-json\/wp\/v2\/types\/page"}],"author":[{"embeddable":true,"href":"https:\/\/www.waldcamp.at\/wordpress\/index.php\/wp-json\/wp\/v2\/users\/2"}],"replies":[{"embeddable":true,"href":"https:\/\/www.waldcamp.at\/wordpress\/index.php\/wp-json\/wp\/v2\/comments?post=3140"}],"version-history":[{"count":45,"href":"https:\/\/www.waldcamp.at\/wordpress\/index.php\/wp-json\/wp\/v2\/pages\/3140\/revisions"}],"predecessor-version":[{"id":4206,"href":"https:\/\/www.waldcamp.at\/wordpress\/index.php\/wp-json\/wp\/v2\/pages\/3140\/revisions\/4206"}],"up":[{"embeddable":true,"href":"https:\/\/www.waldcamp.at\/wordpress\/index.php\/wp-json\/wp\/v2\/pages\/1924"}],"wp:featuredmedia":[{"embeddable":true,"href":"https:\/\/www.waldcamp.at\/wordpress\/index.php\/wp-json\/wp\/v2\/media\/1981"}],"wp:attachment":[{"href":"https:\/\/www.waldcamp.at\/wordpress\/index.php\/wp-json\/wp\/v2\/media?parent=3140"}],"curies":[{"name":"wp","href":"https:\/\/api.w.org\/{rel}","templated":true}]}}

<blockquote class="wp-block-quote is-style-default is-layout-flow wp-block-quote-is-layout-flow">
<p>In unserer waldWerkstatt wird gebastelt, gebaut und sich handwerklich betätigt!</p>
</blockquote>



<h2 class="wp-block-heading">Kursinhalt</h2>



<p>Gemeinsam machen wir uns auf in den Wald und erkunden, lernen und haben vorallem viel Spaß in der Natur. Wenn wir gerade nicht gemeinsam in der Gatschküche anzutreffen sind, dann spielen, basteln oder bauen wir gemeinsam.</p>



<p>Bei jedem unserer Treffen machen wir gemeinsam Feuer und grillen eure mitgebrachten Speisen. Dadurch wird der gefahrenlose Umgang mit dem Feuer erlernt, regelmäßig geübt und die Techniken verbessert.</p>



<p>Wir treffen uns bei jedem Wetter, es ist uns ein Anliegen, dass Kinder alle Facetten der Natur (eben auch das „Schlechtwetter“) kennenlernen und aus ihren dadurch gewonnenen Erfahrungen lernen.</p>



<figure class="wp-block-gallery aligncenter has-nested-images columns-5 wp-block-gallery-1 is-layout-flex wp-block-gallery-is-layout-flex">
<figure class="wp-block-image size-large"><a href="https://www.waldcamp.at/wordpress/wp-content/uploads/2017/10/IMG_9551.jpg"><img loading="lazy" decoding="async" width="399" height="400" data-id="227" src="https://www.waldcamp.at/wordpress/wp-content/uploads/2017/10/IMG_9551.jpg" alt="" class="wp-image-227" srcset="https://www.waldcamp.at/wordpress/wp-content/uploads/2017/10/IMG_9551.jpg 399w, https://www.waldcamp.at/wordpress/wp-content/uploads/2017/10/IMG_9551-150x150.jpg 150w, https://www.waldcamp.at/wordpress/wp-content/uploads/2017/10/IMG_9551-300x300.jpg 300w, https://www.waldcamp.at/wordpress/wp-content/uploads/2017/10/IMG_9551-100x100.jpg 100w" sizes="auto, (max-width: 399px) 100vw, 399px" /></a></figure>



<figure class="wp-block-image size-large"><a href="https://www.waldcamp.at/wordpress/wp-content/uploads/2024/11/signal-2024-11-27-114315.jpeg"><img loading="lazy" decoding="async" width="800" height="800" data-id="3287" src="https://www.waldcamp.at/wordpress/wp-content/uploads/2024/11/signal-2024-11-27-114315.jpeg" alt="" class="wp-image-3287" srcset="https://www.waldcamp.at/wordpress/wp-content/uploads/2024/11/signal-2024-11-27-114315.jpeg 800w, https://www.waldcamp.at/wordpress/wp-content/uploads/2024/11/signal-2024-11-27-114315-300x300.jpeg 300w, https://www.waldcamp.at/wordpress/wp-content/uploads/2024/11/signal-2024-11-27-114315-150x150.jpeg 150w, https://www.waldcamp.at/wordpress/wp-content/uploads/2024/11/signal-2024-11-27-114315-768x768.jpeg 768w, https://www.waldcamp.at/wordpress/wp-content/uploads/2024/11/signal-2024-11-27-114315-100x100.jpeg 100w" sizes="auto, (max-width: 767px) 89vw, (max-width: 1000px) 54vw, (max-width: 1071px) 543px, 580px" /></a></figure>



<figure class="wp-block-image size-large"><a href="https://www.waldcamp.at/wordpress/wp-content/uploads/2017/10/IMG_9604.jpg"><img loading="lazy" decoding="async" width="400" height="400" data-id="229" src="https://www.waldcamp.at/wordpress/wp-content/uploads/2017/10/IMG_9604.jpg" alt="" class="wp-image-229" srcset="https://www.waldcamp.at/wordpress/wp-content/uploads/2017/10/IMG_9604.jpg 400w, https://www.waldcamp.at/wordpress/wp-content/uploads/2017/10/IMG_9604-150x150.jpg 150w, https://www.waldcamp.at/wordpress/wp-content/uploads/2017/10/IMG_9604-300x300.jpg 300w, https://www.waldcamp.at/wordpress/wp-content/uploads/2017/10/IMG_9604-100x100.jpg 100w" sizes="auto, (max-width: 400px) 100vw, 400px" /></a></figure>
</figure>



<h2 class="wp-block-heading">Kursablauf</h2>



<p>Wir gliedern das Schuljahr in Herbst- (September bis Dezember) und Frühlingssemster (Februar bis Juni). Es werden Termine Samstag vormittags angeboten.</p>



<p>Nach dem Kauf eines Blockes je TeilnehmerIn, wird der Zugang für die Terminanmeldung des laufenden Semesters zu gesendet. Dabei können frei die passenden Termine ausgewählt werden. Jede Kombination aus Vormittag und Nachmittag ist möglich, da jeder Termin einzeln gebucht wird.</p>



<p>Ein gebuchter Termin, welcher nicht wahrgenommen werden kann, bitten wir bis 48 Stunden im Vorhinein telefonisch abzusagen. Ein bereits gebuchter Termin, welcher nicht abgesagt oder wahrgenommen wird, wird in gesamter Höhe verrechnet.</p>



<p>Ein erworbener Block ist TeilnehmerInbezogen und hat eine Gültigkeit von einem Jahr ab Kaufdatum. </p>



<h2 class="wp-block-heading">TeilnehmerInnenalter</h2>



<p>ab dem Eintritt in die 1. Klasse Volksschule bzw. ab 6 Jahren </p>



<h2 class="wp-block-heading">TeilnehmerInnenanzahl</h2>



<p>mindestens 8 Kinder<br>maximal 16 Kinder</p>



<h2 class="wp-block-heading">Ausrüstung</h2>



<ul class="wp-block-list">
<li>Tagesrucksack</li>



<li>Trinkflasche mit Wasser</li>



<li>Jause für den Wald</li>



<li>Grillgut (Würstel, Stockbrot, Schokobananen etc. keine Marshmallows)</li>



<li>Holzbrett, Löffel (für die Schokobanane)</li>



<li>gutes Schuhwerk für den Wald</li>



<li>wetterbedingte und der Jahreszeit entsprechende Kleidung und Ausstattung, die schmutzig werden darf</li>
</ul>



<h2 class="wp-block-heading">Kurskosten</h2>



<div class="wp-block-columns is-not-stacked-on-mobile is-layout-flex wp-container-core-columns-is-layout-9d6595d7 wp-block-columns-is-layout-flex">
<div class="wp-block-column has-medium-font-size is-layout-flow wp-block-column-is-layout-flow" style="flex-basis:66.66%">
<p class="has-small-font-size">5er Block</p>



<p class="has-small-font-size">10er Block</p>



<p class="has-small-font-size">Schnupperstunde </p>
</div>



<div class="wp-block-column has-medium-font-size is-layout-flow wp-block-column-is-layout-flow" style="flex-basis:33.33%">
<p class="has-small-font-size">€ 100,00</p>



<p class="has-small-font-size">€ 200,00</p>



<p class="has-small-font-size">€ 20,00</p>
</div>
</div>



<p>Eine Schnupperstunde ist einmalig für Neukunden jederzeit möglich, dafür bitten wir um eine telefonische Voranmeldung.</p>



<p><em>Eine Teilnahme soll nicht an den finanziellen Möglichkeiten scheitern.</em><br><em>Auf Anfrage ist ein Sozialtarif möglich</em>.</p>



<h2 class="wp-block-heading">waldWerkstatt Block </h2>




<!-- iframe plugin v.6.0 wordpress.org/plugins/iframe/ -->
<iframe loading="lazy" src="https://www.waldcamp.at/buchung/?type=Werkstatt" width="100%" height="850" scrolling="yes" class="iframe-class" frameborder="0"></iframe>




<p></p>



<p><br></p>



<p><br></p>

<p>In unserer waldWerkstatt wird gebastelt, gebaut und sich handwerklich betätigt! Kursinhalt Gemeinsam machen wir uns auf in den Wald und erkunden, lernen und haben vorallem viel Spaß in der Natur. Wenn wir gerade nicht gemeinsam in der Gatschküche anzutreffen sind, dann spielen, basteln oder bauen wir gemeinsam. Bei jedem unserer Treffen machen wir gemeinsam Feuer &hellip; </p>
<p class="link-more"><a href="https://www.waldcamp.at/wordpress/index.php/kursangebot/waldwerkstatt-2025/" class="more-link"><span class="screen-reader-text">„waldWerkstatt“ </span>weiterlesen</a></p>
